{"version":"1.0","provider_name":"Veszpr\u00e9mi Taekwon-do SE","provider_url":"https:\/\/veszpremtkd.cafeblog.hu","author_name":"Ren\u00e1ta T\u0151k\u00e9s","author_url":"https:\/\/veszpremtkd.cafeblog.hu\/author\/tszrenkagmail-com\/","title":"40 \u00e9ves a Veszpr\u00e9mi Taekwon-do SE","html":"<p>Id\u00e9n 40 \u00e9ves a Veszpr\u00e9mi Taekwon-do SE. 120 ember \u00fcnnepelt egy\u00fctt, a r\u00e9gi \u00e9s \u00faj taekwon-do tan\u00edtv\u00e1nyok mind \u00f6r\u00f6mmel tal\u00e1lkoztak \u00fajra. Jelen volt Harmat L\u00e1szl\u00f3 9. danos Nagymester is, aki sz\u00edvesen nosztalgi\u00e1zott a r\u00e9gi id\u0151kr\u0151l.\u00a0<\/p>\r\n<p><img class=\"wp-image-72 size-large aligncenter\" src=\"https:\/\/veszpremtkd.cafeblog.hu\/files\/2019\/07\/DSC_0726-600x400.jpg\" alt=\"\" width=\"600\" height=\"400\" \/><\/p>\r\n<p>\"1977 nyar\u00e1n Budapesten, a M\u00e1jus 1. \u00fati fi\u00faiskola tornaterm\u00e9ben indult az els\u0151 K\u00f6zponti Edz\u0151terem Magyarorsz\u00e1gon. Akkoriban nem t\u00e1mogatt\u00e1k, s\u0151t, nem enged\u00e9lyezt\u00e9k a t\u00e1vol keleti harcm\u0171v\u00e9szeket - \u00edgy nem volt egyszer\u0171. Az els\u0151 edz\u00e9s 70 f\u0151vel indult - \u00e9s k\u00f6zt\u00fck volt Somlai Mester is.\"\u00a0<\/p>\r\n<p><strong>\"Valamikor egy mester azt mondta, nagyon sok a fekete \u00f6ves, de igen kev\u00e9s a mester. H\u00e1t a Somlai mester \u0151 mester, nagy M-el.\"<\/strong><\/p>\r\n<p>Dr. Somlai J\u00e1nos 2 \u00e9v edz\u00e9s ut\u00e1n k\u00e9k \u00f6vesk\u00e9nt kapott enged\u00e9lyt, hogy megalap\u00edtsa az els\u0151 vid\u00e9ki klubbot, Veszpr\u00e9mben, 1979-ben.<\/p>\r\n<p>\"Somlai Mester k\u00e9zzel \u00edrt levelet, gy\u00f6ny\u00f6r\u0171 gy\u00f6ngybet\u0171kkel, hogy veszpr\u00e9mik\u00e9nt jelentkezik, \u00e9s szeretne r\u00e9szt venni az edz\u00e9seken, \u00e9s tov\u00e1bb adni a tud\u00e1st. Nagyon sok\u00e1ig \u0151riztem azt a levelet.\" - eml\u00e9kezett a Nagymester.<\/p>\r\n<p><img class=\"size-medium wp-image-73 alignleft\" src=\"https:\/\/veszpremtkd.cafeblog.hu\/files\/2019\/07\/IMG_3198-300x225.jpg\" alt=\"\" width=\"300\" height=\"225\" \/>Dr. Somlai J\u00e1nos 6. danos mester\u00fcnk is felid\u00e9zte a kezdeteket.<\/p>\r\n<p><strong>\"A k\u00e9k \u00f6vet t\u0171ztem kis c\u00e9lomul, a t\u00f6bbi m\u00e1r csak hab a tort\u00e1n.\"<\/strong><\/p>\r\n<p>Az\u00f3ta Veszpr\u00e9m megy\u00e9ben 10 telep\u00fcl\u00e9sen, 12 klubban folynak az edz\u00e9sek. N\u00e9v szerint felsorolta az \u00f6sszes nemzetk\u00f6zi versenyen el\u00e9rt arany, ez\u00fcst \u00e9s bronz \u00e9rem nyerteseit, mely list\u00e1t hossz\u00fa perceken kereszt\u00fcl olvasta.\u00a0<\/p>\r\n<p>M\u00e1r az els\u0151 edz\u00e9seken is\u00a0200-300 f\u0151 volt jelen. Az els\u0151 \u00f6vvizsga Veszpr\u00e9mben 1980-ban zajlott, ahol Sebesty\u00e9n P\u00e1l 6. danos mester\u00fcnk szint\u00e9n vizsg\u00e1z\u00f3k\u00e9nt volt jelen. 200-220 f\u0151 vizsg\u00e1zott kora reggelt\u0151l estig, \u00e9s m\u00e9g \u00fajabb 90 f\u0151 \u00e9jf\u00e9lig. M\u00e9g ebben az \u00e9vben csatlakozott a klubhoz Meilinger L\u00e1szl\u00f3, aki az\u00f3ta 4. danos mesterk\u00e9nt seg\u00edti f\u0151leg a vizsg\u00e1ra k\u00e9sz\u00fcl\u0151 tan\u00edtv\u00e1nyokat, valamint seg\u00edti a gyerek edz\u00e9seket, melyeket Papirovnyik M\u00f3nika 3. danos vil\u00e1gbajnok mester vezet.<\/p>\r\n<p>A mesterek k\u00fcl\u00f6n hangs\u00falyozt\u00e1k, hogy sok embernek ny\u00fajt kapaszkod\u00f3t a taekwon-do, lelkileg \u00e9s fizikailag is gy\u00f3gyul\u00e1st hoz m\u0171vel\u0151inek. Olyan kapcsolatok, bar\u00e1ts\u00e1gok sz\u00f6v\u0151dnek itt, melyek v\u00e9gig k\u00eds\u00e9rik az \u00e9letet, jobb\u00e1 t\u00e9ve azt.\u00a0<\/p>\r\n<p><img class=\"aligncenter wp-image-74 size-large\" src=\"https:\/\/veszpremtkd.cafeblog.hu\/files\/2019\/07\/40-\u00e9ves-a-veszpr\u00e9mi-Taekwon-do-SE-600x228.png\" alt=\"\" width=\"600\" height=\"228\" \/><\/p>\r\n<p>&nbsp;<\/p>\r\n<p>[embed]https:\/\/www.youtube.com\/watch?v=YRDLRwbmq80[\/embed]<\/p>\r\n<p style=\"text-align: right\">\u00cdrta \u00e9s szerkesztette: T\u0151k\u00e9s Ren\u00e1ta<\/p>","type":"rich","thumbnail_url":"https:\/\/veszpremtkd.cafeblog.hu\/files\/2019\/07\/IMG_3364-150x150.jpg","thumbnail_width":150,"thumbnail_height":150}

Veszprémi Taekwon-do SE

Renáta Tőkés

40 éves a Veszprémi Taekwon-do SE

<p>Idén 40 éves a Veszprémi Taekwon-do SE. 120 ember ünnepelt együtt, a régi és új taekwon-do tanítványok mind örömmel találkoztak újra. Jelen volt Harmat László 9. danos Nagymester is, aki szívesen nosztalgiázott a régi időkről. </p>
<p><img class="wp-image-72 size-large aligncenter" src="https://veszpremtkd.cafeblog.hu/files/2019/07/DSC_0726-600x400.jpg" alt="" width="600" height="400" /></p>
<p>"1977 nyarán Budapesten, a Május 1. úti fiúiskola tornatermében indult az első Központi Edzőterem Magyarországon. Akkoriban nem támogatták, sőt, nem engedélyezték a távol keleti harcművészeket - így nem volt egyszerű. Az első edzés 70 fővel indult - és köztük volt Somlai Mester is." </p>
<p><strong>"Valamikor egy mester azt mondta, nagyon sok a fekete öves, de igen kevés a mester. Hát a Somlai mester ő mester, nagy M-el."</strong></p>
<p>Dr. Somlai János 2 év edzés után kék övesként kapott engedélyt, hogy megalapítsa az első vidéki klubbot, Veszprémben, 1979-ben.</p>
<p>"Somlai Mester kézzel írt levelet, gyönyörű gyöngybetűkkel, hogy veszprémiként jelentkezik, és szeretne részt venni az edzéseken, és tovább adni a tudást. Nagyon sokáig őriztem azt a levelet." - emlékezett a Nagymester.</p>
<p><img class="size-medium wp-image-73 alignleft" src="https://veszpremtkd.cafeblog.hu/files/2019/07/IMG_3198-300x225.jpg" alt="" width="300" height="225" />Dr. Somlai János 6. danos mesterünk is felidézte a kezdeteket.</p>
<p><strong>"A kék övet tűztem kis célomul, a többi már csak hab a tortán."</strong></p>
<p>Azóta Veszprém megyében 10 településen, 12 klubban folynak az edzések. Név szerint felsorolta az összes nemzetközi versenyen elért arany, ezüst és bronz érem nyerteseit, mely listát hosszú perceken keresztül olvasta. </p>
<p>Már az első edzéseken is 200-300 fő volt jelen. Az első övvizsga Veszprémben 1980-ban zajlott, ahol Sebestyén Pál 6. danos mesterünk szintén vizsgázóként volt jelen. 200-220 fő vizsgázott kora reggeltől estig, és még újabb 90 fő éjfélig. Még ebben az évben csatlakozott a klubhoz Meilinger László, aki azóta 4. danos mesterként segíti főleg a vizsgára készülő tanítványokat, valamint segíti a gyerek edzéseket, melyeket Papirovnyik Mónika 3. danos világbajnok mester vezet.</p>
<p>A mesterek külön hangsúlyozták, hogy sok embernek nyújt kapaszkodót a taekwon-do, lelkileg és fizikailag is gyógyulást hoz művelőinek. Olyan kapcsolatok, barátságok szövődnek itt, melyek végig kísérik az életet, jobbá téve azt. </p>
<p><img class="aligncenter wp-image-74 size-large" src="https://veszpremtkd.cafeblog.hu/files/2019/07/40-éves-a-veszprémi-Taekwon-do-SE-600x228.png" alt="" width="600" height="228" /></p>
<p>&nbsp;</p>
<p>[embed]https://www.youtube.com/watch?v=YRDLRwbmq80[/embed]</p>
<p style="text-align: right">Írta és szerkesztette: Tőkés Renáta</p>
